e
Is 701731 prime?
True
Is 34901 a composite number?
True
Is 642607 composite?
True
Is 379 prime?
True
Is 12433 a composite number?
False
Is 20623 a composite number?
True
Is 22421 prime?
False
Is 5199 a prime number?
False
Is 33049 prime?
True
Is 1487329 composite?
True
Is 7993 a composite number?
False
Is 330357 a prime number?
False
Is 232657 prime?
False
Is 2237 a prime number?
True
Is 114547 composite?
False
Is 50411 a composite number?
False
Is 73637 prime?
True
Is 1691479 prime?
True
Is 396287 composite?
True
Is 132679 a composite number?
False
Is 11539 a prime number?
False
Is 68573 a composite number?
True
Is 100591 a prime number?
True
Is 3651 composite?
True
Is 58661 a prime number?
True
Is 1973 composite?
False
Is 1392877 a prime number?
True
Is 296057 a composite number?
True
Is 50147 a composite number?
False
Is 9029 a prime number?
True
Is 10553 prime?
False
Is 971039 a composite number?
False
Is 6007 a composite number?
False
Is 492095 a composite number?
True
Is 44417 a composite number?
False
Is 807587 composite?
True
Is 18979 prime?
True
Is 704929 a prime number?
True
Is 1236367 a composite number?
True
Is 367921 a composite number?
True
Is 19031 composite?
False
Is 94291 composite?
False
Is 6607051 a composite number?
True
Is 977 a prime number?
True
Is 517 composite?
True
Is 138917 prime?
True
Is 177091 composite?
False
Is 7003 a composite number?
True
Is 11311 prime?
True
Is 16463 a composite number?
True
Is 1115 a prime number?
False
Is 25229 composite?
False
Is 10379 composite?
True
Is 33407 prime?
False
Is 122081 composite?
False
Is 242569 a prime number?
False
Is 11113 a prime number?
True
Is 1257517 a prime number?
True
Is 2411821 a prime number?
True
Is 49591 prime?
False
Is 365291 a composite number?
False
Is 20087 prime?
False
Is 3427561 prime?
True
Is 10687 a composite number?
False
Is 14971 a prime number?
False
Is 72613 a composite number?
False
Is 300221 composite?
False
Is 864853 a composite number?
True
Is 67679 composite?
False
Is 5305 prime?
False
Is 43691 a prime number?
True
Is 175317 a composite number?
True
Is 498101 a prime number?
True
Is 287087 a prime number?
True
Is 3855367 composite?
False
Is 41999 composite?
False
Is 484649 prime?
False
Is 464543 a composite number?
True
Is 321505 a prime number?
False
Is 47041 a prime number?
True
Is 271735 a prime number?
False
Is 1003 a composite number?
True
Is 73433 a composite number?
False
Is 5981 prime?
True
Is 16243 composite?
True
Is 49991 a composite number?
False
Is 693649 composite?
True
Is 65791 a prime number?
False
Is 5359 composite?
True
Is 21647 prime?
True
Is 153227 a prime number?
False
Is 701 prime?
True
Is 15959 a composite number?
False
Is 4629 composite?
True
Is 941473 composite?
True
Is 142391 a prime number?
True
Is 447787 prime?
False
Is 19911 a prime number?
False
Is 10483 prime?
False
Is 86665 a composite number?
True
Is 97117 prime?
True
Is 23033 prime?
False
Is 434293 a composite number?
False
Is 15131 prime?
True
Is 54357 a prime number?
False
Is 1522 a composite number?
True
Is 57153 a prime number?
False
Is 37199 a composite number?
False
Is 2161 a prime number?
True
Is 17891 prime?
True
Is 255811 a prime number?
False
Is 86311 a prime number?
True
Is 10583 prime?
False
Is 7143 a composite number?
True
Is 4391 a composite number?
False
Is 9077 a composite number?
True
Is 336463 prime?
True
Is 207923 a prime number?
True
Is 953189 composite?
True
Is 60019 prime?
False
Is 9337 a composite number?
False
Is 14039 prime?
False
Is 4201 a composite number?
False
Is 10007 a prime number?
True
Is 1890413 a prime number?
False
Is 160427 composite?
True
Is 14969 composite?
False
Is 76771 a prime number?
True
Is 301445 composite?
True
Is 134639 a prime number?
True
Is 12889 composite?
False
Is 1581257 composite?
False
Is 58703 prime?
False
Is 191323 a composite number?
True
Is 222311 composite?
False
Is 221159 composite?
False
Is 248071 a composite number?
False
Is 800633 a prime number?
False
Is 18353 prime?
True
Is 1603 prime?
False
Is 48731 a composite number?
False
Is 107011 prime?
False
Is 8935 a composite number?
True
Is 78149 composite?
True
Is 7817 a composite number?
False
Is 78341 composite?
False
Is 788651 prime?
True
Is 358799 a composite number?
True
Is 12671 a composite number?
False
Is 2987 a composite number?
True
Is 8311 composite?
False
Is 127121 prime?
False
Is 311941 composite?
True
Is 9091 a composite number?
False
Is 3299 a prime number?
True
Is 7817 a composite number?
False
Is 72587 a prime number?
False
Is 6119 prime?
False
Is 2334503 a prime number?
True
Is 9079 prime?
False
Is 884947 a composite number?
True
Is 1656035 a prime number?
False
Is 9155 a prime number?
False
Is 10499 a composite number?
False
Is 63319 a composite number?
True
Is 11785 composite?
True
Is 53545 a composite number?
True
Is 357407 prime?
False
Is 15259 prime?
True
Is 1665713 composite?
True
Is 38899 composite?
True
Is 30949 composite?
False
Is 5051 a prime number?
True
Is 88981 prime?
False
Is 1347 a prime number?
False
Is 583 a prime number?
False
Is 156095 a prime number?
False
Is 383291 composite?
False
Is 47561 a prime number?
False
Is 2173973 prime?
False
Is 181498 a composite number?
True
Is 119247 prime?
False
Is 11699 composite?
False
Is 7571 composite?
True
Is 1117 a prime number?
True
Is 128461 a prime number?
True
Is 10189787 composite?
False
Is 503293 composite?
True
Is 2503 a prime number?
True
Is 106109 composite?
False
Is 742891 composite?
False
Is 182323 composite?
True
Is 15727 composite?
False
Is 20021 prime?
True
Is 22511 prime?
True
Is 15683 prime?
True
Is 18481 a composite number?
False
Is 2099 composite?
False
Is 58567 a composite number?
False
Is 87613 a composite number?
False
Is 13093 a composite number?
False
Is 1995629 prime?
True
Is 247523 prime?
False
Is 26237 composite?
False
Is 157 prime?
True
Is 69307 a composite number?
True
Is 12197 prime?
True
Is 51293 a prime number?
False
Is 91453 prime?
True
Is 9839 a composite number?
False
Is 368957 prime?
True
Is 4727 a composite number?
True
Is 64151 a prime number?
True
Is 2256753 prime?
False
Is 5981 a composite number?
False
Is 32531 composite?
False
Is 76649 prime?
True
Is 416033 a composite number?
True
Is 12737 composite?
True
Is 161423 a composite number?
True
Is 3683 a prime number?
False
Is 8311 composite?
False
Is 1661 prime?
False
Is 19007 a prime number?
False
Is 34927 composite?
True
Is 493091 a prime number?
False
Is 2449 a composite number?
True
Is 12394 a composite number?
True
Is 3251 prime?
True
Is 392593 composite?
False
Is 459463 a composite number?
False
Is 5737 composite?
False
Is 125921 a prime number?
True
Is 931487 a composite number?
False
Is 42087 prime?
False
Is 59191 prime?
False
Is 19553 prime?
True
Is 253901 a composite number?
False
Is 301765 prime?
False
Is 43117 a prime number?
True
Is 106391 composite?
False
Is 3489 a composite number?
True
Is 727451 a composite number?
False
Is 576119 a composite number?
False
Is 424537 a prime number?
True
Is 2721 a prime number?
False
Is 47933 a prime number?
True
Is 121139 prime?
True
Is 127621 prime?
False
Is 36739 composite?
False
Is 25087 a prime number?
True
Is 2053 a composite number?
False
Is 16118 prime?
False
Is 83991 composite?
True
Is 1331105 a prime number?
False
Is 423746 a prime number?
False
Is 14699 composite?
False
Is 120455 a prime number?
False
Is 20089 composite?
False
Is 575587 a composite number?
True
Is 32839 composite?
False
Is 68021 prime?
False
Is 195095 a prime number?
False
Is 18987 a prime number?
False
Is 22769 prime?
True
Is 6336743 a composite number?
True
Is 135301 composite?
False
Is 628271 a prime number?
False
Is 769 a composite number?
False
Is 12479 a prime number?
True
Is 10814 composite?
True
Is 294137 composite?
True
Is 21701 composite?
False
Is 327 composite?
True
Is 16495 a prime number?
False
Is 307 a prime number?
True
Is 16183 prime?
True
Is 311047 a prime number?
False
Is 8201 a prime number?
False
Is 276061 a prime number?
False
Is 9127 a composite number?
False
Is 264711 a prime number?
False
Is 53139 a composite number?
True
Is 26233 a composite number?
True
Is 90997 a prime number?
True
Is 80599 a prime number?
True
Is 74881 prime?
False
I